{"id":1428,"date":"2024-11-29T21:55:19","date_gmt":"2024-11-29T21:55:19","guid":{"rendered":"http:\/\/www.positive-psychologie.ch\/?page_id=1428"},"modified":"2025-10-19T17:12:05","modified_gmt":"2025-10-19T17:12:05","slug":"about","status":"publish","type":"page","link":"http:\/\/www.positive-psychologie.ch\/?page_id=1428","title":{"rendered":"About"},"content":{"rendered":"<p><img loading=\"lazy\" decoding=\"async\" class=\"aligncenter size-medium wp-image-1429\" src=\"http:\/\/www.positive-psychologie.ch\/wp-content\/uploads\/2024\/11\/006-15d24923ae-LTE-709ea-300x300.jpeg\" alt=\"\" width=\"300\" height=\"300\" srcset=\"http:\/\/www.positive-psychologie.ch\/wp-content\/uploads\/2024\/11\/006-15d24923ae-LTE-709ea-300x300.jpeg 300w, http:\/\/www.positive-psychologie.ch\/wp-content\/uploads\/2024\/11\/006-15d24923ae-LTE-709ea-150x150.jpeg 150w, http:\/\/www.positive-psychologie.ch\/wp-content\/uploads\/2024\/11\/006-15d24923ae-LTE-709ea-768x768.jpeg 768w, http:\/\/www.positive-psychologie.ch\/wp-content\/uploads\/2024\/11\/006-15d24923ae-LTE-709ea-1000x1000.jpeg 1000w, http:\/\/www.positive-psychologie.ch\/wp-content\/uploads\/2024\/11\/006-15d24923ae-LTE-709ea-230x230.jpeg 230w, http:\/\/www.positive-psychologie.ch\/wp-content\/uploads\/2024\/11\/006-15d24923ae-LTE-709ea-350x350.jpeg 350w, http:\/\/www.positive-psychologie.ch\/wp-content\/uploads\/2024\/11\/006-15d24923ae-LTE-709ea-480x480.jpeg 480w, http:\/\/www.positive-psychologie.ch\/wp-content\/uploads\/2024\/11\/006-15d24923ae-LTE-709ea.jpeg 1024w\" sizes=\"auto, (max-width: 300px) 100vw, 300px\" \/><\/p>\n<p>Dr. Fiorina Giuliani ist Psychologin mit Expertise in drei verschiedenen Themenfeldern: Pers\u00f6nlichkeitspsychologie, Diagnostik und Positive Psychologie.<\/p>\n<p>Sie ist wissenschaftliche Mitarbeiterin an der Milit\u00e4rakademie am Kompetenzzentrum f\u00fcr Assessment Center der ETH Z\u00fcrich und dort f\u00fcr die Entwicklung, Durchf\u00fchrung und Evaluation der verschiedenen Assessment Center zur milit\u00e4rischen F\u00fchrungskr\u00e4fteauswahl t\u00e4tig. Gleichzeitig f\u00fchrt sie selbst als Moderatorin und Assessorin deutsch-, englisch- und franz\u00f6sischsprachige Assessment Center durch.<\/p>\n<p>Dar\u00fcber hinaus doziert sie an der Universit\u00e4t St. Gallen &#8222;Psychologie: Humor am Arbeitsplatz&#8220;, \u00a0an der Kalaidos Fachhochschule &#8222;Positive Psychologie&#8220;, an der Fernfachhochschule Schweiz &#8222;Quantitative und qualitative Forschungsmethoden&#8220;, und betreut an der Z\u00fcrcher Hochschule f\u00fcr Angewandte Wissenschaften diverse Abschlussarbeiten. In ihrer Forschung besch\u00e4ftigt sie sich mit der Entwicklung von Messmethoden sowie Trainings zum Thema St\u00e4rkenerkennen und erforscht dar\u00fcber hinaus F\u00fchrungsstile, Entrepreneurship, Berufserfolg, Werte, Tugenden und Charakterst\u00e4rken.<\/p>\n<p>Privat engagiert sie sich ehrenamtlich als Pr\u00e4sidentin der Schweizerischen Gesellschaft f\u00fcr Positive Psychologie (www.swippa.ch) , mit dem Ziel, den Austausch von Wissenschaft und praktischen Anwendungen der Positiven Psychologie in der Gesellschaft zu f\u00f6rdern. Sie verbringt gerne Zeit in der Natur mit Freunden, erkundet auf Reisen verschiedene Kulturen und spielt gerne Violine.<\/p>\n\n\n<p><\/p>\n","protected":false},"excerpt":{"rendered":"<p>Dr. Fiorina Giuliani ist Psychologin mit Expertise in drei verschiedenen Themenfeldern: Pers\u00f6nlichkeitspsychologie, Diagnostik und Positive Psychologie. Sie ist wissenschaftliche Mitarbeiterin an der Milit\u00e4rakademie am Kompetenzzentrum [&hellip;]<\/p>\n","protected":false},"author":1,"featured_media":0,"parent":0,"menu_order":0,"comment_status":"closed","ping_status":"closed","template":"","meta":{"footnotes":""},"class_list":["post-1428","page","type-page","status-publish","hentry"],"_links":{"self":[{"href":"http:\/\/www.positive-psychologie.ch\/index.php?rest_route=\/wp\/v2\/pages\/1428","targetHints":{"allow":["GET"]}}],"collection":[{"href":"http:\/\/www.positive-psychologie.ch\/index.php?rest_route=\/wp\/v2\/pages"}],"about":[{"href":"http:\/\/www.positive-psychologie.ch\/index.php?rest_route=\/wp\/v2\/types\/page"}],"author":[{"embeddable":true,"href":"http:\/\/www.positive-psychologie.ch\/index.php?rest_route=\/wp\/v2\/users\/1"}],"replies":[{"embeddable":true,"href":"http:\/\/www.positive-psychologie.ch\/index.php?rest_route=%2Fwp%2Fv2%2Fcomments&post=1428"}],"version-history":[{"count":6,"href":"http:\/\/www.positive-psychologie.ch\/index.php?rest_route=\/wp\/v2\/pages\/1428\/revisions"}],"predecessor-version":[{"id":1456,"href":"http:\/\/www.positive-psychologie.ch\/index.php?rest_route=\/wp\/v2\/pages\/1428\/revisions\/1456"}],"wp:attachment":[{"href":"http:\/\/www.positive-psychologie.ch\/index.php?rest_route=%2Fwp%2Fv2%2Fmedia&parent=1428"}],"curies":[{"name":"wp","href":"https:\/\/api.w.org\/{rel}","templated":true}]}}