{"id":626,"date":"2017-08-22T09:20:38","date_gmt":"2017-08-22T09:20:38","guid":{"rendered":"http:\/\/www.positive-psychologie.ch\/?page_id=626"},"modified":"2019-05-24T15:55:49","modified_gmt":"2019-05-24T15:55:49","slug":"coaching-2","status":"publish","type":"page","link":"http:\/\/www.positive-psychologie.ch\/?page_id=626","title":{"rendered":"Coaching"},"content":{"rendered":"<p><a name=\"coaching\"><\/a><br \/>\nCoaching basiert in den letzten Jahren vermehrt auf der Positiven Psychologie und auf dem Aufbau von St\u00e4rken (Buckingham &amp; Clifton, 2001). Der Fokus wird auf Charakterst\u00e4rken und Tugenden gelegt, anstatt auf Schw\u00e4chen. Coaches erheben zuerst die Charakterst\u00e4rken des\/r KlientIn (oftmals mit dem VIA-IS) und erfragen wie Charakterst\u00e4rken am Arbeitsplatz angewendet werden oder ob diese \u00fcberhaupt eingesetzt werden. Nachdem Coaches eine Bestandaufnahme gemacht haben, werden Charakterst\u00e4rken des\/r KlientIn besprochen. Das Kennenlernen der eigenen St\u00e4rken erweitert das Bewusstsein des\/r KlientIn und \u00f6ffnet die M\u00f6glichkeit neue Handlungsm\u00f6glichkeiten aus diesen positiven Qualit\u00e4ten zu erarbeiten. Die Anwendung der Charakterst\u00e4rken ist h\u00e4ufig mit einem gesteigerten Wohlbefinden verbunden. Die Befunde der Positiven Psychologie fliessen unter anderem in das Lebens-, Gesundheits-, Eltern- und F\u00fchrungscoaching ein. Eine bekannte Coachingorientierung ist beispielsweise das Authentic Happiness Coaching, welches \u00dcbungen enth\u00e4lt, die auf den drei Orientierungen zum Gl\u00fcck der Authentic Happiness Theorie basieren. Die \u00dcbungen haben zum Ziel Vergn\u00fcgen zu steigern, die Entstehung von Flow zu n\u00fctzen und den Sinn in den Vordergrund zu r\u00fccken.<\/p>\n<h3>Referenzen<\/h3>\n<p>Biswas-Diener, R., &amp; Dean, B. (2007). <em>Positive psychology coaching: Putting the science of happiness to work for your clients.<\/em> Hoboken, NJ: Wiley.<\/p>\n<p>Buckingham, M., &amp; Clifton, D.O. (2001). <em>Now, discover your strengths: How to develop your talents and those of the people you manage.<\/em> London, UK: Simon &amp; Schuster.<\/p>\n","protected":false},"excerpt":{"rendered":"<p>Coaching basiert in den letzten Jahren vermehrt auf der Positiven Psychologie und auf dem Aufbau von St\u00e4rken (Buckingham &amp; Clifton, 2001). Der Fokus wird auf [&hellip;]<\/p>\n","protected":false},"author":1,"featured_media":0,"parent":0,"menu_order":0,"comment_status":"closed","ping_status":"closed","template":"","meta":{"footnotes":""},"class_list":["post-626","page","type-page","status-publish","hentry"],"_links":{"self":[{"href":"http:\/\/www.positive-psychologie.ch\/index.php?rest_route=\/wp\/v2\/pages\/626","targetHints":{"allow":["GET"]}}],"collection":[{"href":"http:\/\/www.positive-psychologie.ch\/index.php?rest_route=\/wp\/v2\/pages"}],"about":[{"href":"http:\/\/www.positive-psychologie.ch\/index.php?rest_route=\/wp\/v2\/types\/page"}],"author":[{"embeddable":true,"href":"http:\/\/www.positive-psychologie.ch\/index.php?rest_route=\/wp\/v2\/users\/1"}],"replies":[{"embeddable":true,"href":"http:\/\/www.positive-psychologie.ch\/index.php?rest_route=%2Fwp%2Fv2%2Fcomments&post=626"}],"version-history":[{"count":4,"href":"http:\/\/www.positive-psychologie.ch\/index.php?rest_route=\/wp\/v2\/pages\/626\/revisions"}],"predecessor-version":[{"id":1241,"href":"http:\/\/www.positive-psychologie.ch\/index.php?rest_route=\/wp\/v2\/pages\/626\/revisions\/1241"}],"wp:attachment":[{"href":"http:\/\/www.positive-psychologie.ch\/index.php?rest_route=%2Fwp%2Fv2%2Fmedia&parent=626"}],"curies":[{"name":"wp","href":"https:\/\/api.w.org\/{rel}","templated":true}]}}